{"id":14,"date":"2016-06-01T13:02:52","date_gmt":"2016-06-01T12:02:52","guid":{"rendered":"http:\/\/lesateliersgourmands.fr\/?page_id=14"},"modified":"2025-06-15T17:13:11","modified_gmt":"2025-06-15T16:13:11","slug":"nous-trouver","status":"publish","type":"page","link":"https:\/\/lesateliersgourmands.fr\/index.php\/nous-trouver\/","title":{"rendered":"Nous trouver"},"content":{"rendered":"<div id=\"pl-14\"  class=\"panel-layout\" ><div id=\"pg-14-0\"  class=\"panel-grid panel-has-style\" ><div class=\"panel-row-style panel-row-style-for-14-0\" ><div id=\"pgc-14-0-0\"  class=\"panel-grid-cell panel-grid-cell-empty\" ><\/div><div id=\"pgc-14-0-1\"  class=\"panel-grid-cell panel-grid-cell-mobile-last\" ><div id=\"panel-14-0-1-0\" class=\"so-panel widget widget_text panel-first-child\" data-index=\"0\" ><div class=\"panel-widget-style panel-widget-style-for-14-0-1-0\" >\t\t\t<div class=\"textwidget\">Les Ateliers Gourmands, 7 rue Beaumanoir, 56800 Plo\u00ebrmel                                                                      \nT\u00e9l\u00e9phone : 02 97 72 10 76\n<\/div>\n\t\t<\/div><\/div><div id=\"panel-14-0-1-1\" class=\"so-panel widget widget_text\" data-index=\"1\" ><div class=\"panel-widget-style panel-widget-style-for-14-0-1-1\" >\t\t\t<div class=\"textwidget\"><p>Hors saison : ouvert du mardi au samedi soir,  sauf mercredi midi et vendredi midi.<\/p>\n<p>Pleine saison : en juillet et en aout, ouverture suppl\u00e9mentaire le dimanche midi.<br \/>\nDes modifications peuvent survenir, il est conseill\u00e9 de consulter le r\u00e9pondeur t\u00e9l\u00e9phonique <\/p>\n<p>Pensez \u00e0 r\u00e9server !<\/p>\n<p>02 97 72 10 76<\/p>\n<\/div>\n\t\t<\/div><\/div><div id=\"panel-14-0-1-2\" class=\"so-panel widget widget_text panel-last-child\" data-index=\"2\" ><div class=\"panel-widget-style panel-widget-style-for-14-0-1-2\" >\t\t\t<div class=\"textwidget\">Juillet - Ao\u00fbt : terrasse ouverte sur cour privative (en fonction m\u00e9t\u00e9o)\n<\/div>\n\t\t<\/div><\/div><\/div><div id=\"pgc-14-0-2\"  class=\"panel-grid-cell panel-grid-cell-empty\" ><\/div><\/div><\/div><div id=\"pg-14-1\"  class=\"panel-grid panel-has-style\" ><div class=\"panel-row-style panel-row-style-for-14-1\" ><div id=\"pgc-14-1-0\"  class=\"panel-grid-cell panel-grid-cell-empty\" ><\/div><div id=\"pgc-14-1-1\"  class=\"panel-grid-cell\" ><div id=\"panel-14-1-1-0\" class=\"so-panel widget widget_text panel-first-child panel-last-child\" data-index=\"3\" ><div class=\"panel-widget-style panel-widget-style-for-14-1-1-0\" >\t\t\t<div class=\"textwidget\"><iframe src=\"https:\/\/www.google.com\/maps\/embed?pb=!1m18!1m12!1m3!1d2673.1822974232296!2d-2.401073049351097!3d47.93285737910555!2m3!1f0!2f0!3f0!3m2!1i1024!2i768!4f13.1!3m3!1m2!1s0x480fc835bf93b60d%3A0x394dbdc747dc3a09!2sLes+Ateliers+Gourmands!5e0!3m2!1sfr!2sfr!4v1468682844046\" width=\"500px\" height=\"320px\" frameborder=\"0\" style=\"border:0\" allowfullscreen><\/iframe><\/div>\n\t\t<\/div><\/div><\/div><div id=\"pgc-14-1-2\"  class=\"panel-grid-cell panel-grid-cell-mobile-last\" ><div id=\"panel-14-1-2-0\" class=\"so-panel widget widget_sow-image panel-first-child panel-last-child\" data-index=\"4\" ><div class=\"panel-widget-style panel-widget-style-for-14-1-2-0\" ><div\n\t\t\t\n\t\t\tclass=\"so-widget-sow-image so-widget-sow-image-default-c4f6304fc136-14\"\n\t\t\t\n\t\t>\n\n<div class=\"sow-image-container\">\n\t\t<img src=\"https:\/\/i0.wp.com\/lesateliersgourmands.fr\/wp-content\/uploads\/2020\/04\/DSCN6180.jpg?fit=4896%2C3672&amp;ssl=1\" width=\"4896\" height=\"3672\" srcset=\"https:\/\/i0.wp.com\/lesateliersgourmands.fr\/wp-content\/uploads\/2020\/04\/DSCN6180.jpg?w=4896&amp;ssl=1 4896w, https:\/\/i0.wp.com\/lesateliersgourmands.fr\/wp-content\/uploads\/2020\/04\/DSCN6180.jpg?resize=150%2C113&amp;ssl=1 150w, https:\/\/i0.wp.com\/lesateliersgourmands.fr\/wp-content\/uploads\/2020\/04\/DSCN6180.jpg?resize=300%2C225&amp;ssl=1 300w, https:\/\/i0.wp.com\/lesateliersgourmands.fr\/wp-content\/uploads\/2020\/04\/DSCN6180.jpg?resize=800%2C600&amp;ssl=1 800w, https:\/\/i0.wp.com\/lesateliersgourmands.fr\/wp-content\/uploads\/2020\/04\/DSCN6180.jpg?resize=830%2C623&amp;ssl=1 830w, https:\/\/i0.wp.com\/lesateliersgourmands.fr\/wp-content\/uploads\/2020\/04\/DSCN6180.jpg?resize=230%2C173&amp;ssl=1 230w, https:\/\/i0.wp.com\/lesateliersgourmands.fr\/wp-content\/uploads\/2020\/04\/DSCN6180.jpg?resize=350%2C263&amp;ssl=1 350w, https:\/\/i0.wp.com\/lesateliersgourmands.fr\/wp-content\/uploads\/2020\/04\/DSCN6180.jpg?w=1636 1636w, https:\/\/i0.wp.com\/lesateliersgourmands.fr\/wp-content\/uploads\/2020\/04\/DSCN6180.jpg?w=2454 2454w\" alt=\"\" loading=\"lazy\" \t\tclass=\"so-widget-image\"\/>\n\t<\/div>\n\n<\/div><\/div><\/div><\/div><div id=\"pgc-14-1-3\"  class=\"panel-grid-cell panel-grid-cell-empty\" ><\/div><\/div><\/div><\/div>","protected":false},"excerpt":{"rendered":"<p>Les Ateliers Gourmands, 7 rue Beaumanoir, 56800 Plo\u00ebrmel T\u00e9l\u00e9phone : 02 97 72 10 76 Hors saison : ouvert du mardi au samedi soir, sauf mercredi midi et vendredi midi. Pleine saison : en juillet et en aout, ouverture suppl\u00e9mentaire le dimanche midi. Des modifications &hellip; <\/p>\n","protected":false},"author":1,"featured_media":0,"parent":0,"menu_order":0,"comment_status":"closed","ping_status":"closed","template":"","meta":{"jetpack_post_was_ever_published":false,"footnotes":""},"jetpack_sharing_enabled":true,"jetpack_shortlink":"https:\/\/wp.me\/P7Cprq-e","jetpack-related-posts":[{"id":2,"url":"https:\/\/lesateliersgourmands.fr\/","url_meta":{"origin":14,"position":0},"title":"Les ateliers gourmands","author":"admin6964","date":"31 mai 2016","format":false,"excerpt":"Vous \u00eates plut\u00f4t galette ou gratin ? Laissez-vous s\u00e9duire par cette demeure de caract\u00e8re. Elle date du XVIe si\u00e8cle et elle est l'une des plus anciennes b\u00e2tisses de Plo\u00ebrmel. Avant de pousser la porte, \u00e0 l'ext\u00e9rieur en fa\u00e7ade, admirez les Marmousets, ces personnages burlesques et extravagants qui vous accueillent... A\u2026","rel":"","context":"Article similaire","block_context":{"text":"Article similaire","link":""},"img":{"alt_text":"","src":"","width":0,"height":0},"classes":[]},{"id":17,"url":"https:\/\/lesateliersgourmands.fr\/index.php\/les-gratins-a-emporter\/","url_meta":{"origin":14,"position":1},"title":"Les gratins \u00e0 emporter    02 97 72 10 76","author":"admin6964","date":"1 juin 2016","format":false,"excerpt":"ANDOUILLE : pommes de terre, andouille ch\u00e8vre, pommes (fruit), cr\u00e8me BUFFALO BILL : pommes de terre, fondue d'oignons, boeuf hach\u00e9, fromage ail & fines herbes, cr\u00e8me 3 FROMAGES : pommes de terre, ch\u00e8vre, reblochon, comt\u00e9, emmental, cr\u00e8me GOURMET* : pommes de terre, lardons, fondue de poireaux, cur\u00e9 Nantais, cr\u00e8me GRATIFLETTE\u2026","rel":"","context":"Article similaire","block_context":{"text":"Article similaire","link":""},"img":{"alt_text":"","src":"","width":0,"height":0},"classes":[]},{"id":417,"url":"https:\/\/lesateliersgourmands.fr\/index.php\/commandes-gratins-et-crumbles-a-emporter\/","url_meta":{"origin":14,"position":2},"title":"Commandes : GRATINS ET CRUMBLES A EMPORTER","author":"admin6964","date":"26 janvier 2021","format":false,"excerpt":"Certains de nos gratins et de nos crumbles sont propos\u00e9s \u00e0 la vente \u00e0 emporter. Pour s'adapter et afin de r\u00e9pondre au mieux \u00e0 vos attentes, nous conseillons l'anticipation des commandes (ne pas h\u00e9siter \u00e0 laisser un message avec vos coordonn\u00e9es). Une commande la veille pour un retrait le lendemain\u2026","rel":"","context":"Article similaire","block_context":{"text":"Article similaire","link":""},"img":{"alt_text":"","src":"https:\/\/i0.wp.com\/lesateliersgourmands.fr\/wp-content\/uploads\/2016\/06\/gratin2-213x300.jpg?resize=350%2C200","width":350,"height":200,"srcset":"https:\/\/i0.wp.com\/lesateliersgourmands.fr\/wp-content\/uploads\/2016\/06\/gratin2-213x300.jpg?resize=350%2C200 1x, https:\/\/i0.wp.com\/lesateliersgourmands.fr\/wp-content\/uploads\/2016\/06\/gratin2-213x300.jpg?resize=525%2C300 1.5x"},"classes":[]}],"_links":{"self":[{"href":"https:\/\/lesateliersgourmands.fr\/index.php\/wp-json\/wp\/v2\/pages\/14"}],"collection":[{"href":"https:\/\/lesateliersgourmands.fr\/index.php\/wp-json\/wp\/v2\/pages"}],"about":[{"href":"https:\/\/lesateliersgourmands.fr\/index.php\/wp-json\/wp\/v2\/types\/page"}],"author":[{"embeddable":true,"href":"https:\/\/lesateliersgourmands.fr\/index.php\/wp-json\/wp\/v2\/users\/1"}],"replies":[{"embeddable":true,"href":"https:\/\/lesateliersgourmands.fr\/index.php\/wp-json\/wp\/v2\/comments?post=14"}],"version-history":[{"count":33,"href":"https:\/\/lesateliersgourmands.fr\/index.php\/wp-json\/wp\/v2\/pages\/14\/revisions"}],"predecessor-version":[{"id":532,"href":"https:\/\/lesateliersgourmands.fr\/index.php\/wp-json\/wp\/v2\/pages\/14\/revisions\/532"}],"wp:attachment":[{"href":"https:\/\/lesateliersgourmands.fr\/index.php\/wp-json\/wp\/v2\/media?parent=14"}],"curies":[{"name":"wp","href":"https:\/\/api.w.org\/{rel}","templated":true}]}}